*3 - 50*l**2 + 28*l - 86. Let u(d) = 3*d**3 - 49*d**2 + 22*d - 87. Let z(n) = 4*k(n) - 5*u(n). Calculate z(-45).
1
Suppose -f + 13 = w, -2*w + 4*f = 12 - 50. Let g be -3 + (4 - 4) + w + -1. Suppose 0 = s - 17 + g. Let p(v) = -v + 3. What is p(s)?
-3
Let h = 322 - 300. Let f(g) = -68*g**2 - g**3 + 20*g**2 + 21*g**2 + h*g**2 + 3. What is f(-5)?
3
Let x(r) = 10*r**2 + 6*r - 10. Suppose 49*m - 28*m + 12 = 25*m. Give x(m).
98
Let i(h) = 2*h - 11. Let o = -463 - 308. Let g = 777 + o. What is i(g)?
1
Let u(g) be the third derivative of -g**4/24 + 5*g**3/2 + 2*g**2 - 67*g. Determine u(7).
8
Let w(a) = a**2 - 10*a + 6. Let n be w(9). Let x(s) = 41*s**2 - 8*s - 20. Let q(h) = 89*h**2 - 17*h - 43. Let u(z) = -6*q(z) + 13*x(z). Calculate u(n).
-5
Let p(t) = -490075 + 490024 - t + 4*t + 5*t. What is p(4)?
-19
Let l(f) = f**3 - 3*f**2 - 2*f + 7. Suppose -2*q + 4 = -5*r, 0 = -7*r + 2*r + 5*q - 25. Calculate l(r).
-1
Suppose -2506 = 144*f + 358*f - 144*f. Let p(l) = -l - 31. Calculate p(f).
-24
Let n(p) = 12*p + 14. Suppose 0 = -7*j + 12*j + x + 42, -j - 5*x - 18 = 0. What is n(j)?
-82
Let q(u) = -2*u**2 + 52*u - 99. Let i be q(2). Let b(n) = -n**3 - 2*n**2 - 2*n + 3. Calculate b(i).
18
Let i(k) = -k - 1. Let m(p) = 1. Let l(j) = j + 6. Let d(s) = -l(s) + 5*m(s). Let r(f) = d(f) - 2*i(f). What is r(7)?
8
Let g(o) = -o**3 - 387*o + 3*o**2 + 1 + 0 + 386*o. What is g(3)?
-2
Let b(j) = -j**2 - 4*j - 4. Let c be 18/(-3 + 0/(-4)). What is b(c)?
-16
Let c(s) = s**2 + 9*s + 13. Let h be c(-8). Suppose h*o = -3*j - 19, -j - 8*o = -7*o + 5. Let u(k) = -4*k + 8*k + 0*k + k**2. Give u(j).
-3
Let j(v) = 2*v**2 - 8*v - 7. Let q be j(5). Let s(g) = -14*g**2 + 7 - 2 - 4*g + 19*g**2 - 4*g + g**q. Let m(l) = -2*l**2 + 4*l. Let b be m(3). Give s(b).
17
Let b(j) be the first derivative of 1/3*j**3 - 7/2*j**2 + 5*j - 52. What is b(5)?
-5
Let c(b) = -b**3 - b**2 + b - 2. Let o be (-3 + 0)*138/9. Let q = o + 44. Let m be c(q). Let y(l) = l + 7. What is y(m)?
7
Let s be ((-54)/(-10))/(741/1235). Let j(x) = 9*x - 98. Determine j(s).
-17
Let c be ((-50)/(-10) - 3)/((-1)/(-1)). Let h(z) = -5*z**2 + 2*z + 7. Let g(n) = -4*n**2 + 6. Let t(j) = c*h(j) - 3*g(j). Determine t(-4).
12
Let n(j) be the second derivative of 0*j**2 + 1/720*j**6 - 20*j + 0 + 1/24*j**5 + 0*j**3 + 7/6*j**4. Let t(z) be the third derivative of n(z). Determine t(-8).
-3
Let h(m) be the first derivative of m**4/4 - 4*m**3/3 + m**2 - 6*m + 40. Let u be h(4). Let s(b) = u + 1 + b + 16 - 10. Give s(-7).
2
Let f(d) = d**3 - 1. Let x(k) = -k**2 - 13*k - 11. Let h be x(-11). Suppose h*q + 3 = 12*q. Suppose -g + 4 = q. Give f(g).
0
Let a(y) = y**2 - 143*y + 5053. Let i be a(64). Let g(j) = j**2 + 7*j. Determine g(i).
-12
Let z(r) = 13*r**3 - 47*r**2 + 64*r - 110. Let m(g) = -7*g**3 + 24*g**2 - 32*g + 59. Let s(y) = 11*m(y) + 6*z(y). Calculate s(16).
-11
Let g(z) = -2*z**2 - 29 - 474*z + 462*z - 4*z**2 - 7*z**2 + z**3 + 0*z**2. Calculate g(14).
-1
Let t(r) = r**3 + 3*r**2 - 5*r - 5. Let c be 70/21*(1 - -3 - -2). Suppose 5*f + c = 0, -196 = -3*l - 5*f - 69. Suppose 52*x - l*x + 12 = 0. Determine t(x).
-1
Let z(p) be the first derivative of p**5/120 + p**4/24 - 37*p**3/3 + 42. Let c(n) be the third derivative of z(n). Let f be 5 - 1/2*0. Determine c(f).
6
Let c(d) = d**2 + 4*d - 6. Let u(f) = -11*f - 24. Let y be u(-11). Let g be 0 + (21*-5 - -1). Let h = y + g. Give c(h).
15
Let f be 2/(-4)*-58 - -3. Suppose 40 = -2*r + f. Let k be r/12 + (-34)/6. Let s(w) = -w**2 - 3*w + 3. Calculate s(k).
-15
Let b(r) be the second derivative of r**4/12 + 8*r**3/3 - 6*r**2 - 379*r. Give b(-14).
-40
Let v(p) = -4*p - 6. Suppose -4*b + 5*t + 8 = -2, 3*b - 23 = -4*t. Suppose 15*n - b = 16*n. Determine v(n).
14
Let m(z) = z**3 + 2*z**2 + z - 3. Let v be m(-2). Let k be v + 5 + 2/2. Let j(n) be the first derivative of -14*n**3/3 + 2. Give j(k).
-14
Let i(o) = -4 - 3 - 4 - o + 31 - 28. Let q = -49 - -42. Determine i(q).
-1
Suppose 0*b - b - 10 = m, 0 = -3*m - 5*b - 40. Let f be (-4)/m + 462/110. Let i(s) = 0 + s + 1 - 4. What is i(f)?
2
Let j(i) be the second derivative of i**5/20 + 3*i**4/4 + i**3/6 + 6*i**2 + 2*i. Suppose 3*r + 27 = -s, 2*r + 2*s = -r - 27. Give j(r).
3
Let b(w) = w**2 - 9*w - 1956. Let r be b(-40). Let z(u) = u**3 - 8*u**2 + 17*u - 1. What is z(r)?
3
Let k(a) = a**2 + 9*a - 427. Let x be k(0). Let u = -422 - x. Let v(d) = 5*d + 4 - d**2 + 0 - 1. Give v(u).
3
Let y(q) = -12*q - 21. Let g be y(-2). Suppose -5*h + 4*t = -2368, -3*h - 3*t + 475 = -935. Let m(u) = 1 - 473*u**3 + h*u**3 - 3 + 3*u**2. Determine m(g).
-2
Let x(f) = -11*f**2 + 6*f**2 - 19*f**2 + 5 - 3*f + 23*f**2. What is x(3)?
-13
Let b be (-276)/(6 - 3)*(-3)/4. Suppose 76*g - b*g - 119 = 0. Let w(q) = 2*q - 31. Calculate w(g).
3
Let n(s) be the first derivative of 145 + 6*s**2 - 14*s + 1/4*s**4 - 11/3*s**3. Calculate n(10).
6
Let a(j) be the first derivative of -3*j**2 + 3*j + 1. Let m be ((-16)/108)/(462/(-6237)). Determine a(m).
-9
Let l(m) = 62*m + 20. Let z(u) = 63*u + 16. Let y(i) = 4*l(i) - 5*z(i). Determine y(1).
-67
Let d(o) = 2*o**3 + 18*o**2 + 26*o + 71. Let x = 4297 + -4305. What is d(x)?
-9
Let n(q) be the first derivative of -q**4/4 + q**3 + 9*q**2/2 - 2*q - 2552. Determine n(5).
-7
Let c(g) = -g**3 + 2*g**2 + 3. Let t(b) = -b**3 + b**2 + b + 3. Let i(w) = 2*c(w) - 3*t(w). Let p(n) = 4*n - 32. Let x be p(10). Let m = x - 10. What is i(m)?
-1
Let m(h) = 44*h + 14*h**2 - 4 - 2113*h**3 - 2113*h**3 - 2104*h**3 + 6331*h**3. Give m(-9).
5
Let v be (-4)/5*(-61)/((-366)/45). Let h(r) = -1. Let s(p) = p**3 + 7*p**2 + 9*p + 5. Let j(u) = -4*h(u) + s(u). Calculate j(v).
-9
Let q(o) = -1386*o**2 - 294*o + 147. Let h(v) = 19*v**2 + 4*v - 2. Let z = 175 - 322. Let k(x) = z*h(x) - 2*q(x). What is k(1)?
-21
Let u = 48 + -19. Let o = 32 - u. Let p(w) = -3 - 110*w - w**2 + 115*w - o + 2*w**2. What is p(-5)?
-6
Let b(a) = -a - 19. Suppose -19*j + 17*j = 8. Let g(d) = -3*d - 75. Let z(u) = j*g(u) + 15*b(u). What is z(5)?
0
Let k(i) = 14*i + 0 - 56*i + 41*i + 5. Give k(0).
5
Let c = -267 - -281. Suppose 16*t = -62 + c. Let f(v) = -2*v + 2*v + 3 + 3*v. Give f(t).
-6
Suppose 18 = 5*k + 2*o, 2*o + 106 = k + 112. Let m(b) = 3*b**2 - 7*b. Determine m(k).
-2
Let a(l) = 196*l**3 - 96*l**2 + 121*l + 121. Let n(r) = 25*r**3 - 12*r**2 + 15*r + 15. Let j(u) = 6*a(u) - 47*n(u). Determine j(10).
31
Let s(i) = i**2 + 7*i. Let l be s(0). Suppose -17*p + 82 + 3 = l. Let q(o) = -o**3 + 5*o**2 + o + 4. Give q(p).
9
Let y(l) = -3*l + 7. Suppose 21*b - 10*b = 11. Let s be 7 + b/5 + 242/(-110). Give y(s).
-8
Let u(j) = -j**3 + 2*j**2 + j + 4. Let g(o) be the second derivative of o**5/20 - 13*o**4/12 - o**3/3 + 29*o**2/2 + 57*o. Let c be g(13). What is u(c)?
-2
Suppose -3*y + 4*y - 248 = 0. Let c = y + -244. Let a(j) = j**3 - 3*j**2 - 4*j - 4. Determine a(c).
-4
Let d be (-590)/(-826) - 531/(-21). Let r(k) be the second derivative of 0 - d*k - 1/6*k**3 - 7/2*k**2. Determine r(-6).
-1
Let a(j) be the second derivative of j**4/12 - 29*j**3/6 + 17*j**2/2 + j - 884. Calculate a(22).
-137
Let x(y) = y**2 - 31*y + 59. Let g be x(29). Suppose -c - 10 = -2*q, 5*q + 10 = -2*c + 35. Let s be (3 - q)/(2/g). Let d(k) = -12*k**2 + 1. Determine d(s).
-11
Let z(o) = 0 - o + 9*o**2 - 14*o**2 + 3 - 2*o. Let x(h) = 5*h - 8. Let v be x(1). What is z(v)?
-33
Let x = 41 + -37. Let b(h) = h**2 - 2*h - 3. Let g(l) = -l. Let d(r) = b(r) + 2*g(r). Let o(p) = -p. Let i(f) = d(f) - 4*o(f). Calculate i(x).
13
Let r(y) = 4*y + 2. Suppose 0 = -4*x + 16 - 12. Let v be (-9)/(-15) - (x + (-48)/20). What is r(v)?
10
Suppose -118*i = -131*i + 78. Let n(u) = 2*u**2 - 5*u - 18. What is n(i)?
24
Let z(j) = -8 + 26 + 5*j + 9*j + 0*j**3 - 16*j**2 + j**3. Let b be z(15). Suppose 0 = 2*u + y + 9, -b*y + 1 = 4. Let w(d) = -2*d - 6. What is w(u)?
2
Let x(j) = 3*j**3 - 5*j**2 - 6*j - 2. Let u = 1558 + -1555. Give x(u).
16
Let u(l) = -2*l**2 + 56*l - 116. Let h = 45858 + -45832. Calculate u(h).
-12
Let d(l) be the second derivative of -1/2*l**2 + 5/6*l**3 - 1/12*l**4 - 9*l - 4. Calculate d(4).
3
Let a(d) = d**3 - d**2 - 506. Let l be a(0). Let u = l - -514. Let c(w) = -w**3 + 8*w**2 - w - 8. Determine c(u).
-16
Let i(g) = 13911*g - 124 - 83 + 60 - 13838*g. What is i(2)?
-1
Let p(a) = -a + 12. Let o be p(6). Let u(t) be the third derivativ